s of w?
3, 41
Suppose 8*l - 53 - 3 = 0. Let r be (2/(-5))/(2/(-30)). What are the prime factors of r/(l/((-112)/(-3)))?
2
Let s = 12 - 10. Suppose -5*a - 4 = 1, a - 443 = -s*g. List the prime factors of (-9)/6*g/(-9).
37
Let i = -57 + 51. Let a(s) be the third derivative of s**6/120 + 2*s**5/15 + s**4/4 - s**3/6 + 2*s**2. List the prime factors of a(i).
5, 7
Let c = 118 - 113. Suppose 0 = -c*v - q + 773 + 509, -v - 4*q = -264. List the prime factors of v.
2
Suppose 880 = -4*t + 26*t. List the prime factors of t.
2, 5
Let q(s) = 6*s**3 + 3*s**2 + 4*s + 4. Let i be q(-2). What are the prime factors of (-10)/i*(210 + 2)?
53
Let w(u) = -u - 11. Let l be w(10). Let c = 11 + l. Let b = -5 - c. List the prime factors of b.
5
Let z(r) be the second derivative of -3*r**3/2 + 3*r**2/2 - 7*r. Let u be z(2). What are the prime factors of 184/5 + (-3)/u?
37
Let i = -218 + 381. What are the prime factors of i?
163
Let l = 4 + -2. What are the prime factors of (58/l)/((-3 + -3)/(-6))?
29
Let b(d) = -2*d**2 + 11*d - 54. Let k(c) = c + 1. Let o(w) = -b(w) - 4*k(w). List the prime factors of o(5).
5
Suppose 7*p + 2632 = 14*p. List the prime factors of p.
2, 47
Let y = 19 - 50. Let h = 72 + y. What are the prime factors of h?
41
Let n(m) = 22*m + 68. List the prime factors of n(34).
2, 3, 17
Suppose 0 = 2*q + 2*q - 2156. List the prime factors of q.
7, 11
Let j be (15/(-9) + 1)*16*-12. Suppose -g + 5 + j = 0. List the prime factors of g.
7, 19
Let r(s) = s**2 + s - 9. Let a be r(3). What are the prime factors of (a + 2 - 5) + 55?
5, 11
Let f(p) = p**2 - 5*p + 8. Let z be f(4). Suppose 4*a + 7*w = 2*w + 9, -z*w - 36 = -4*a. What are the prime factors of 44/a*(-21)/(-14)?
11
What are the prime factors of 76/(-8)*-48 - (-3 + -1)?
2, 5, 23
Let y be 3 + -1 - (12 - 12). Suppose 3*u = 25 + y. Let a(w) = 4*w - 10. What are the prime factors of a(u)?
2, 13
List the prime factors of 175150/124 - (1/2)/1.
2, 353
Let z(d) = 18*d + 3. Let s be z(3). Let v = 82 - s. What are the prime factors of v?
5
Suppose -760 = -i - 2*l, 0 = -3*i - 28*l + 27*l + 2260. What are the prime factors of i?
2, 47
Let p = 144 + -41. Let s = p - 37. What are the prime factors of s?
2, 3, 11
Let y(z) = -4*z - 4*z - 15*z**2 - 16 + z**3 + 15*z. List the prime factors of y(15).
89
Let a be (2 + -3)*20/5 - -313. Suppose i - a = 1. List the prime factors of i.
2, 5, 31
Let d(l) = -126*l + 5. Let a(g) = 25*g - 1. Let x(o) = 11*a(o) + 2*d(o). Suppose 0 = n + 4*c - 13, -n - 5*c + 8*c = 8. List the prime factors of x(n).
2, 11
Suppose 0*i = 6*i - 960. Let h = -16 + i. List the prime factors of h.
2, 3
Let a be -4*(3 + 11/(-2)). Let r be 296/10 - (-4)/a. Let m = -4 + r. What are the prime factors of m?
2, 13
Let c(z) = 2*z**3 - 65*z**2 + 55*z - 44. What are the prime factors of c(33)?
2, 5, 11, 13
Suppose -2*n = 0, 2*n - 1155 = -2*q - 5. List the prime factors of q.
5, 23
Let z be -2 - (12 - (3 - 2)). Let o be (-3)/2*(z - -11). Suppose n = -o*r - n + 37, r - 5*n - 18 = 0. List the prime factors of r.
13
Let o = 2133 + -943. Suppose 7*i = 17*i - o. What are the prime factors of i?
7, 17
Suppose -21*r + 11519 + 6520 = 0. List the prime factors of r.
859
Suppose 15 - 3 = 3*r. List the prime factors of r/(-2)*-1 - (9 - 147).
2, 5, 7
Let u(o) = 4*o**2 - 4*o - 1. Suppose 21*f = 24*f - 9. List the prime factors of u(f).
23
Suppose -40 = -2*y + y. Let l = y + -56. List the prime factors of (-6)/((-10)/l - 1).
2
Let z(w) = -w**2 - 4*w + 5. Let b be z(-4). Let n(f) = 2*f - f**2 + 47 + 0*f + f - b*f. What are the prime factors of n(0)?
47
Suppose 10*n - 6493 + 1473 = 0. List the prime factors of n.
2, 251
Let b(g) = 6*g**3 + 19*g**2 + 12*g + 19. Let a(i) = -7*i**3 - 19*i**2 - 13*i - 20. Let v(h) = -4*a(h) - 5*b(h). List the prime factors of v(-10).
3, 5, 11
Suppose -42 + 7 = -7*v. Suppose 4*g = -n + 844, 0*g + 192 = g + v*n. What are the prime factors of g?
2, 53
Let j(d) = 69*d**2 + 14*d - 12. List the prime factors of j(1).
71
Let q = -822 + 1558. List the prime factors of q.
2, 23
Suppose 8*h = -0*h + 232. Let b = -32 + h. List the prime factors of 30 - (b + 3 + 0).
2, 3, 5
Suppose 8*r - 2172 = 268. What are the prime factors of r?
5, 61
Let s = 1501 + -1077. List the prime factors of s.
2, 53
Suppose 0*l - 5*y + 18 = -2*l, 8 = 4*l + y. What are the prime factors of 1*60 - (1 + l)?
2, 29
Let r = -34 - -39. Suppose r*o = -4*l + 27, -4*l + 3*o = 6 - 41. What are the prime factors of l?
2
Let w be 3 - ((-4 - -5) + -72). Let y = -69 + w. What are the prime factors of y?
5
Let t(h) = -35*h**3 + 2*h**2 + 2*h. Let s be t(-1). Let c = 169 - s. What are the prime factors of c?
2, 67
Suppose 2*r - 61 = -7. Suppose -2*x - s = -310, 3*x + 620 = 7*x - 5*s. Suppose -3*v - k = -r - x, -69 = -v - 2*k. List the prime factors of v.
59
Suppose 3*o - 2*o = 4708. What are the prime factors of o?
2, 11, 107
Suppose -4598 = -3*p - 4*d, -83 + 91 = 4*d. List the prime factors of p.
2, 3, 5, 17
Suppose 3 = 2*z + 9. Let f be (1 - 2)*(3 + z). Suppose f*v - 6 = -3*v. List the prime factors of v.
2
Let j = 6 + -7. What are the prime factors of 280/5 + j + -2?
53
What are the prime factors of 7 + -7 - 185*(-3)/1?
3, 5, 37
Let x = -6 + 33. Suppose -4*z = r - x, 0*z - 8 = -4*z. List the prime factors of r.
19
Suppose 2*x + 616 = 4*x + 3*w, x + 2*w - 308 = 0. Suppose 21*b - x = 17*b. Suppose 3*r - b = 10. List the prime factors of r.
29
Let y = 1365 + 732. List the prime factors of y.
3, 233
Suppose 34*o = 36486 + 29338. List the prime factors of o.
2, 11
Let u = 983 - 551. What are the prime factors of u?
2, 3
Let u(v) = -2*v. Let y be 4/(-6 - -2)*-19. Let i = 9 - y. What are the prime factors of u(i)?
2, 5
Let w be 12/9*3/2 + 38. Suppose 5*b - 10 = -3*h + 31, 4*b - w = -3*h. List the prime factors of h.
2, 3
Let b = -4520 - -6456. What are the prime factors of b?
2, 11
Suppose -330 + 944 = 2*n. Let r = n - 142. Suppose -5*s - 5 = -r. List the prime factors of s.
2
Suppose -318 + 314 = -o. What are the prime factors of o?
2
Suppose -4*y + 3*t = 787, -2*y + 3*y + 3*t + 193 = 0. Let f = 290 + y. What are the prime factors of f?
2, 47
Suppose 4*b - 35 = -3*b. Let i be 8/(-2) + 15/b. List the prime factors of (-2 - i)/((-4)/108).
3
Let s(m) = -7*m**2 + 60*m + 114. Let p(k) = -11*k**2 + 90*k + 171. Let w(t) = -5*p(t) + 8*s(t). What are the prime factors of w(27)?
2, 3, 23
Suppose -4*y = -3 + 19. Let m(o) = o**3 + 5*o**2 + o - 5. Let b be m(y). Let n(x) = -x**2 + 11*x + 2. What are the prime factors of n(b)?
2, 3, 5
Suppose 23 = -8*k + 79. What are the prime factors of 53 - k/(7/2)?
3, 17
Let g(z) = z**2 - 1. Suppose s - 12 = -2*s. Let f be g(s). Let n = f + -8. List the prime factors of n.
7
Let y be (-18)/(-4) - 2/(-4). Suppose -y = -c - 0*c. Suppose -93 = -c*l + l + 3*f, -2*f + 2 = 0. What are the prime factors of l?
2, 3
Let d be 2 + 1/(-1 + 4/2). What are the prime factors of (-94)/(1 + -2) - d?
7, 13
Suppose 5595 = 5*z - i, 0 = z - 2*i + 164 - 1274. List the prime factors of z.
2, 5, 7
Suppose -21573 = -136*l + 127*l. List the prime factors of l.
3, 17, 47
Let s(h) = 9*h - 32. Let q be s(9). Let b = q + 156. List the prime factors of b.
5, 41
Let r = 532 + -242. List the prime factors of r.
2, 5, 29
Let i = -207 - -220. What are the prime factors of i?
13
Let j = -2481 + 4127. List the prime factors of j.
2, 823
Suppose -14*v + 60 = -9*v. Suppose -c - 3*t = v, -4*t - 1 = -2*c - 5*t. Suppose -c*p + 56 = 4*y - 2*p, -3*p = -4*y + 56. What are the prime factors of y?
2, 7
Let k(c) = 18*c + 443. List the prime factors of k(0).
443
Let o = 48 + -33. Let x = -2 - o. Let n = 25 - x. List the prime factors of n.
2, 3, 7
Let l(t) = 29*t**2 + 14*t + 68. List the prime factors of l(-8).
2, 3, 151
Suppose 3*h = 14*h - 33. Suppose 2*g - h*y + 13 = 114, -g - 2*y + 40 = 0. List the prime factors of g.
2, 23
Suppose -18*x + 91 = -161. List the prime factors of (-1600)/(-9) + x/63.
2, 89
Let p be ((-6)/4)/(-5 + (-9)/(-2)). Let c(m) = 27*m + 7. List the prime factors of c(p).
2, 11
Let r be 6258/27 + (1 - 21/27). Suppose 0 = 3*u - 11 - r. What are the prime factors of u?
3
Suppose -2*l = a - 368, -3*a - 370 = -4*a - l. What are the prime factors of a?
2, 3, 31
Suppose -5*p + 0 + 10 = 0. Suppose -p*n = -0*n - 10. Suppose 0 = -4*b + 4*w - 21 + 89, -4*b + 68 = -n*w